2
Let a(w) = -4*w**2 + 16*w - 17. Determine a(3).
-5
Let b(t) = 8*t - 72. Determine b(9).
0
Let p(s) = -s**2 + 10*s - 6. Give p(8).
10
Let o(d) = d**3 + 5*d**2 - 6*d - 3. Determine o(-6).
-3
Let r(v) = 3*v + 21. Calculate r(-5).
6
Let i(d) = 2*d**2 + 28*d + 10. Calculate i(-14).
10
Let v(h) = h + 34. What is v(-25)?
9
Let r(d) = d**3 + 8*d**2 + 3*d - 7. What is r(-7)?
21
Let z(h) = 2*h - 5. Determine z(-16).
-37
Let n(r) = -r**2 + 3*r + 1. Give n(6).
-17
Let q(u) = 23*u - 121. What is q(5)?
-6
Let w(c) = c**2 - 6*c + 12. Give w(9).
39
Let a(q) = 13*q**2 + q. Give a(1).
14
Let d(h) = h**3 - 6*h**2 - 17*h - 19. Calculate d(8).
-27
Let s(d) = d**2 - 13*d + 13. Determine s(12).
1
Let l(n) = -n**3 + 3*n + 2. Give l(-1).
0
Let n(i) = -11*i**2 + 4*i - 2. Calculate n(3).
-89
Let k(j) = 2*j**2 + 64*j + 66. Give k(-31).
4
Let l(h) = 19*h - 62. Give l(-4).
-138
Let f(v) = 2*v - 13. Determine f(14).
15
Let x(z) = z**2 + 8*z - 37. Determine x(-11).
-4
Let y(n) = -3*n + 7. Determine y(11).
-26
Let d(f) = 7*f**3 - f**2 + 3*f - 1. Determine d(1).
8
Let r(f) = f**2 + 18*f + 18. Calculate r(-17).
1
Let n(m) = 28*m - 2. Determine n(-1).
-30
Let s(w) = -4*w - 3. Calculate s(-4).
13
Let q(x) = 4*x**2 - 22*x + 9. Calculate q(6).
21
Let d(r) = 2*r**3 + 4*r**2 - 7*r - 6. Calculate d(-4).
-42
Let w(q) = -9*q - 12. Give w(-7).
51
Let y(u) = 2*u**2 - 41*u + 56. Calculate y(19).
-1
Let k(o) = -o**2 - 41*o - 273. What is k(-8)?
-9
Let y(h) = -29*h. Give y(1).
-29
Let i(g) = -4*g**2 - 23*g - 5. Give i(-5).
10
Let u(t) = 5*t + 7. Give u(0).
7
Let d(s) = -4*s**2 - s. Calculate d(-2).
-14
Let c(b) = -18*b**3 + b - 2. Give c(1).
-19
Let t(c) = -5*c**3 - 19*c**2 - c - 18. What is t(-4)?
2
Let y(k) = k**2 - 17*k - 44. Give y(19).
-6
Let p(q) = -q**3 + 16*q**2 - 27*q - 50. Determine p(14).
-36
Let s(v) = -v - 5. What is s(8)?
-13
Let x(w) = w**3 - 19*w**2 + 18*w - 5. Calculate x(18).
-5
Let i(b) = 22*b - 1. Determine i(-7).
-155
Let j(w) = -3*w - 5. Determine j(-2).
1
Let p(k) = -k**3 + 4*k**2 + 10*k - 9. Determine p(6).
-21
Let j(u) = u**2 - 8*u + 14. Give j(10).
34
Let m(k) = k + 12. Calculate m(5).
17
Let w(d) = -d**3 + 14*d**2 - 15*d - 10. Calculate w(13).
-36
Let k(z) = 6*z + 8. Give k(-3).
-10
Let i(l) = -7*l. Determine i(-1).
7
Let t(z) = z**2 - 8*z + 8. What is t(4)?
-8
Let u(l) = -10*l**2 - 47*l + 1. Give u(-4).
29
Let d(z) = -94*z + 22. Calculate d(2).
-166
Let h(f) = 2*f**2 + 49*f + 218. Calculate h(-5).
23
Let a(y) = -9*y + 23. Give a(7).
-40
Let k(r) = r**2 - 9*r + 19. What is k(7)?
5
Let o(c) = -c**2 - 5*c + 2. What is o(-9)?
-34
Let m(j) = -4*j**2 - 7*j + 7. Give m(1).
-4
Let b(c) = c + 5. Determine b(-3).
2
Let f(z) = -z**3 + 4*z**2 - 2*z - 4. Calculate f(3).
-1
Let v(h) = 3*h**2 + 6*h + 4. Determine v(-4).
28
Let c(d) = -d**2 - 7*d + 15. Determine c(-8).
7
Let p(t) = t**2 + 7*t - 1. Calculate p(-6).
-7
Let q(g) = -10*g - 5. Calculate q(4).
-45
Let q(r) = -r**3 + 10*r**2 - 6*r - 20. Determine q(8).
60
Let j(f) = -f - 16. Calculate j(-10).
-6
Let t(n) = n**3 - 21*n**2 - n + 4. What is t(21)?
-17
Let t(a) = -a**2 - a + 35. Determine t(6).
-7
Let c(o) = 6*o**2 - 1. Calculate c(-1).
5
Let d(t) = t + 82. Give d(-19).
63
Let k(w) = w**3 + 4*w**2 + 4*w + 17. Calculate k(-4).
1
Let f(x) = 6*x**2 + x + 1. Determine f(-1).
6
Let h(d) = 2*d - 11. Give h(-6).
-23
Let h(l) = l**2 - 10*l - 3. What is h(10)?
-3
Let s(u) = -u**3 - 7*u**2 - 7*u + 5. Calculate s(-6).
11
Let l(r) = -r**3 + 2*r**2 + 3*r + 9. Give l(3).
9
Let d(i) = -7*i**2 - 43*i - 6. Give d(-6).
0
Let y(r) = r**3 - 12*r**2 - 15*r + 16. Give y(13).
-10
Let p(a) = -a**3 + 2*a**2 + 2*a - 3. Calculate p(2).
1
Let d(w) = -2*w**2 - 36*w + 33. What is d(-18)?
33
Let q(x) = x**3 - 23*x**2 + 59*x - 25. Give q(20).
-45
Let s(q) = q**2 + 26*q - 102. Give s(-29).
-15
Let n(l) = l**2 + 4*l + 5. Give n(-2).
1
Let s(f) = -9*f + 33. Determine s(4).
-3
Let v(u) = -3*u + 23. Give v(5).
8
Let s(v) = -v + 11. Calculate s(5).
6
Let m(d) = 5*d - 4. What is m(6)?
26
Let n(j) = j**2 + 2*j - 1. Determine n(2).
7
Let w(j) = 3*j + 9. Calculate w(-12).
-27
Let m(r) = 15*r**2 - 3*r + 3. Calculate m(1).
15
Let h(m) = -m**2 + 10*m - 1. Determine h(10).
-1
Let i(b) = -b**3 - 14*b**2 - 6*b - 16. Give i(-14).
68
Let h(g) = 3*g**2 + 58*g - 24. Determine h(-20).
16
Let o(t) = -t**3 + 11*t**2 - 13*t - 97. What is o(7)?
8
Let s(u) = 2*u**2 - 2*u - 1. Determine s(3).
11
Let l(m) = -m**2 - 26*m + 2. What is l(-26)?
2
Let q(d) = d**3 - 64*d**2 + 126*d - 128. Determine q(62).
-4
Let x(i) = 4*i - 4. Give x(2).
4
Let j(z) = -z**3 - 36*z**2 + 36*z - 45. What is j(-37)?
-8
Let i(t) = 20*t + 11. Determine i(3).
71
Let h(a) = -5*a**2 + 1. Calculate h(1).
-4
Let n(z) = 16*z**2 - 1. Calculate n(1).
15
Let l(v) = -v**3 - 5*v**2 + 2*v - 2. What is l(-5)?
-12
Let b(n) = -2*n + 30. Determine b(18).
-6
Let h(o) = 2*o + 42. What is h(-14)?
14
Let g(f) = -2*f**3 - 2*f**2 + 2. Determine g(-2).
10
Let q(t) = -t**3 - 22*t**2 + 7. Calculate q(-22).
7
Let i(q) = 9*q + 68. What is i(-7)?
5
Let b(d) = 14*d + 2. What is b(-3)?
-40
Let q(z) = -4*z - 89. Give q(-22).
-1
Let r(u) = u**3 - 8*u**2 + 5*u + 21. Determine r(7).
7
Let u(i) = i**3 + 10*i**2 + 2*i + 8. Determine u(-10).
-12
Let a(g) = 31*g**3 + 2*g + 1. Calculate a(-1).
-32
Let a(o) = 21*o + 1. What is a(-1)?
-20
Let d(s) = -3*s - 49. Give d(-15).
-4
Let h(j) = j**3 + 27*j**2 - 59*j - 28. Determine h(-29).
1
Let g(m) = -m**3 + 10*m**2 - 9*m + 3. What is g(9)?
3
Let h(g) = -g**3 - 22*g**2 - 19*g + 19. Determine h(-21).
-23
Let n(h) = 73*h**3 - h. Determine n(-1).
-72
Let z(h) = -3*h - 2. Calculate z(-5).
13
Let s(q) = -q**2 + 3*q. Give s(4).
-4
Let b(a) = -a**3 + 4*a**2 + 7*a - 4. What is b(5)?
6
Let q(h) = h**2 + 7*h - 8. What is q(-6)?
-14
Let h(w) = 4*w - 2. Calculate h(-3).
-14
Let s(o) = 2*o**2 + 21*o + 10. Determine s(-10).
0
Let z(c) = -c**2 + 5*c + 15. Calculate z(7).
1
Let o(i) = -17*i**2 + i + 1. What is o(-1)?
-17
Let n(a) = -4*a - 10. Calculate n(-3).
2
Let o(l) = -l**2 + 22*l. Calculate o(22).
0
Let q(p) = -p**3 - p**2 - p - 68. Determine q(0).
-68
Let y(k) = -2*k**3 - 9*k**2 - 6*k. Give y(-4).
8
Let g(l) = -l**3 + 2*l**2 + 11*l - 32. Calculate g(3).
-8
Let f(b) = b - 9. Calculate f(11).
2
Let s(u) = u**2 + 14*u + 11. Give s(-8).
-37
Let a(z) = -z**3 + 19*z**2 - 19*z + 12. Calculate a(18).
-6
Let m(g) = -2*g**2 - g - 12. Calculate m(0).
-12
Let l(g) = g**2 - 13*g + 8. Give l(11).
-14
Let q(k) = -2*k - 19. What is q(-6)?
-7
Let r(h) = h + 1. Calculate r(-14).
-13
Let p(m) = -m**3 - 9*m**2 - 8*m + 10. What is p(-8)?
10
Let o(u) = u**2 + 3*u. Calculate o(-3).
0
Let c(j) = j**3 - 5*j**2 - 10*j + 3. What is c(5)?
-47
Let l(f) = 6*f + 3. Calculate l(3).
21
Let w(f) = 3*f**2 + 4*f + 7. What is w(-3)?
22
Let x(i) = -i**3 + 4*i**2 - 4*i + 4. Determine x(5).
-41
Let m(q) = q**2 + 7*q - 25. Give m(-6).
-31
Let a(v) = -3*v**3 - 3*v**2 - 4*v - 4. Calculate a(-2).
16
Let b(y) = 5*y**2 - y + 2. What is b(1)?
6
Let x(q) = -q**3 - q**2 - 46. Calculate x(0).
-46
Let b(h) = -7*h + 65. Give b(8).
9
Let u(s) = -2*s**3 + 29*s**2 - 13*s - 25. What is u(14)?
-11
Let j(b) = -3*b - 52. Determine j(-18).
2
Let k(n) = n**3 - 8*n**2 - 13*n + 2. Determine k(10).
72
Let n(i) = -i**3 + 11*i**2 + 7*i - 82. Determine n(11).
-5
Let f(m) = m**2 - 69*m + 258. Calculate f(65).
-2
Let w(o) = -o**3 - 23*o**2 - o - 32. Determine w(-23).
-9
Let s(d) = 20*d + 2. Determine s(3).
62
Let b(n) = n**2 - 27*n - 179. What is b(33)?
19
Let g(f) = f**2 - 18*f - 58. Give g(-3).
5
Let s(o) = -2*o**3 + 19*o**2 + 11*o - 18. Determine s(10).
-8
Let i(t) = 4*t + 3. Determine i(-5).
-17
Let j(a) = -a**3 - 29*a**2 + 31*a + 38. What is j(-30)?
8
Let l(v) = v**2 - 18*v - 45. Calculate l(20).
-5
Let y(q) = q**2 - 3*q + 10. What is y(7)?
38
Let v(r) = -r**3 - 3*r**2 - 10*r + 2. Give v(4).
-150
Let v(x) = -x**3 - 29*x**2 + 29*x - 21. What is v(-30)?
9
Let n(k) = -k**3 - k**2 + 6*k + 1. Calculate n(-4).
25
Let l(p) = p**2 - 5*p + 4. What is l(-5)?
54
Let i(b) = -6*b**3 - 4*b**2 - b + 2. Determine i(-2).
36
Let o(l) = l**3 + 4*l**2 + 5*l - 8. Give o(-3).
-14
Let a(u) = -7*u**2 + 11*u - 2. Determine a(5).
-122
Let u(c) = 6*c + 180. Calculate u(-30).
0
Let w(a) = -a - 16. Calculate w(-10).
-6
Let m(k) = -23*k + 34. Determine m(4).
-58
Let g(h) = -2*h**2 + 6*h - 4. Calculate 